. Give b(1).
8
Let h(w) = 3*w**3 + 24*w**2 - 179*w - 1398. Determine h(-7).
2
Let s(d) = 610*d + 4251. Calculate s(-7).
-19
Let p(b) = -15*b**2 + 69*b + 17. Calculate p(5).
-13
Let p(y) = -y**2 + 122*y - 2593. Determine p(28).
39
Let q(v) = -2*v**3 + 28*v**2 - 26*v - 41. Give q(13).
-41
Let g(c) = -38*c + 687. Give g(9).
345
Let s(q) = 62*q + 53. What is s(-1)?
-9
Let y(z) = 311*z - 22694. What is y(73)?
9
Let m(f) = -2*f**3 - 67*f**2 - 155*f + 1. Determine m(-31).
1
Let v(r) = r**3 - 51*r**2 + 51*r - 43. Determine v(50).
7
Let w(n) = n**3 - 79*n**2 + 8*n - 643. Calculate w(79).
-11
Let o(h) = 12*h**2 + 12*h + 1. What is o(-3)?
73
Let q(x) = -9*x**2 + 972*x - 5502. Calculate q(6).
6
Let t(q) = -q**3 + 8*q**2 - 29*q + 381. Determine t(9).
39
Let u(i) = -56*i - 272. Determine u(-5).
8
Let r(n) = n**3 + 35*n**2 - 135*n - 304. Determine r(-38).
494
Let c(g) = 16*g**3 - 7*g - 8. Determine c(-1).
-17
Let s(v) = v**2 + 2180*v + 1. What is s(0)?
1
Let q(j) = -14*j - 61. Determine q(-11).
93
Let z(p) = -4*p**2 - 85*p + 624. Calculate z(-27).
3
Let n(i) = 21*i - 108. What is n(6)?
18
Let x(y) = -594*y - 20211. Calculate x(-34).
-15
Let l(z) = 9*z**2 + 19813*z + 19812. Determine l(-1).
8
Let g(n) = n**3 + 57*n**2 + 470*n + 6. Calculate g(-10).
6
Let i(o) = o**2 - o + 1. What is i(4)?
13
Let s(c) = c**3 + 4*c**2 - 42. Give s(0).
-42
Let t(a) = a**2 + 5*a - 31. What is t(-20)?
269
Let p(s) = -878*s - 1752. Give p(-2).
4
Let p(r) = 60*r + 2874. Calculate p(-49).
-66
Let r(c) = 36*c**2 + 577*c + 7. Calculate r(-16).
-9
Let y(b) = -33*b - 127. Calculate y(0).
-127
Let p(t) = 2*t**2 + 117*t - 2944. Calculate p(19).
1
Let w(t) = -2*t**2 + 127*t - 1982. What is w(36)?
-2
Let n(x) = x**2 + 34*x + 193. What is n(-27)?
4
Let t(c) = -25*c**2 + 1089*c + 487. Calculate t(44).
3
Let v(p) = -p**3 - 23*p**2 - 51*p - 204. What is v(-21)?
-15
Let c(q) = q**3 - 99*q**2 + 379*q + 79. Calculate c(95).
-16
Let y(c) = 22*c**2 - 82*c - 313. Calculate y(-4).
367
Let z(c) = -c**2 - 14*c + 3821. Calculate z(-69).
26
Let w(z) = -z**3 - 6*z**2 - 2*z + 18. Give w(-8).
162
Let a(n) = -2*n**2 - 15*n + 19. Calculate a(-14).
-163
Let v(d) = 21*d - 35. Give v(1).
-14
Let a(v) = -113*v + 4283. Determine a(38).
-11
Let i(a) = 474*a - 3458. Determine i(8).
334
Let h(i) = 95*i + 230. Calculate h(-2).
40
Let q(l) = -4*l - 139. Determine q(-34).
-3
Let f(t) = t**3 - 69*t**2 + 542*t - 116. Give f(60).
4
Let f(u) = -u**2 - 159*u - 2862. Determine f(-20).
-82
Let v(k) = k**3 + 8*k**2 - 132*k - 45. Give v(-16).
19
Let r(u) = -u**3 - 7*u**2 + u + 41. What is r(-6)?
-1
Let q(g) = -g**3 + 7*g**2 - g - 35. Calculate q(6).
-5
Let z(k) = -k**3 + 3*k**2 + 5*k + 109. What is z(0)?
109
Let p(h) = -4*h**2 - 14*h + 185. What is p(9)?
-265
Let u(d) = 449*d + 26486. Determine u(-59).
-5
Let a(k) = k**2 + 205*k - 1669. What is a(8)?
35
Let n(l) = l**3 + 15*l**2 - 3*l + 21. Give n(-15).
66
Let s(b) = -3*b**2 + 15*b + 99. Calculate s(-4).
-9
Let h(p) = 54*p - 467. Calculate h(9).
19
Let m(z) = z**3 + 8*z**2 - 40*z - 88. What is m(-11)?
-11
Let b(p) = -779*p + 42852. What is b(55)?
7
Let o(p) = 187*p + 562. Calculate o(-3).
1
Let z(h) = 3*h**2 - 61*h - 54. Calculate z(21).
-12
Let a(h) = -43*h**2 - 33*h - 1. Calculate a(-2).
-107
Let a(q) = -q**2 + 88*q - 83. Calculate a(88).
-83
Let b(m) = m**2 - 38*m + 370. Determine b(25).
45
Let h(w) = -2*w**2 - 159*w + 853. Calculate h(5).
8
Let g(y) = -y**3 - 69*y**2 + 137*y - 173. Calculate g(-71).
182
Let r(i) = 203*i - 4490. What is r(22)?
-24
Let r(d) = d**3 - 24*d**2 + 144*d - 2274. Determine r(22).
-74
Let o(q) = 18333*q - 109998. Determine o(6).
0
Let a(x) = -126*x - 5558. Give a(-44).
-14
Let v(b) = -130*b - 1017. Determine v(-8).
23
Let d(h) = -h**3 + 17*h**2 + 39*h + 39. Calculate d(19).
58
Let c(f) = 5224*f - 52269. Calculate c(10).
-29
Let s(a) = a**3 - 31*a**2 - 110*a - 38. Determine s(-3).
-14
Let p(c) = -9*c**2 - 480*c + 132. Give p(-53).
291
Let s(q) = -2*q**3 + q**2 - 37*q - 7. Give s(0).
-7
Let p(i) = 2*i**2 + 104*i + 298. Determine p(-50).
98
Let v(a) = a**3 - 48*a**2 + 67*a - 899. Determine v(47).
41
Let d(p) = -2*p**3 + 266*p**2 - 266*p + 263. Calculate d(132).
-1
Let n(x) = -2*x**2 - 622*x + 3797. What is n(6)?
-7
Let f(j) = -4*j**2 - 326*j + 980. What is f(3)?
-34
Let b(x) = 100*x + 1387. What is b(-17)?
-313
Let x(n) = -22*n**2 + 85*n + 119. What is x(5)?
-6
Let v(h) = -h**3 - 198*h**2 - 15*h - 2976. Calculate v(-198).
-6
Let i(g) = 5*g**2 - 145*g - 152. Give i(30).
-2
Let s(h) = 326*h + 1828. Give s(-5).
198
Let r(o) = o**3 - 16*o**2 - 7*o - 22. Give r(17).
148
Let z(g) = 3*g**2 + 52*g + 127. Determine z(-3).
-2
Let c(b) = 2*b**3 - 4*b**2 + 964*b - 1929. Determine c(2).
-1
Let g(c) = c**3 + 22*c**2 - 71*c + 103. Give g(-25).
3
Let p(v) = -v**3 + 70*v**2 + 144*v. Give p(72).
0
Let u(v) = 9747*v + 97472. Determine u(-10).
2
Let n(i) = 1191*i - 11941. Calculate n(10).
-31
Let s(h) = -2*h**3 + 9*h**2 + 220*h - 1357. What is s(7)?
-62
Let d(c) = -27*c - 85. Give d(-3).
-4
Let f(u) = -13*u + 829. Determine f(64).
-3
Let o(l) = 26*l + 1391. What is o(-54)?
-13
Let p(i) = 6*i + 67. Determine p(-17).
-35
Let b(d) = -d**3 - 4*d**2 + 76*d + 165. Calculate b(8).
5
Let q(u) = u**3 - 23*u**2 - 1674*u + 3. Determine q(54).
3
Let s(b) = -2*b**3 - 144*b**2 + 145*b - 64. Determine s(-73).
9
Let b(d) = -2*d**3 - 321*d**2 - 724*d + 10426. Calculate b(-158).
-2
Let b(q) = 296*q - 1484. Calculate b(5).
-4
Let c(s) = -62*s**2 + 302*s + 46. Give c(5).
6
Let p(j) = j**3 - 94*j**2 + 126*j - 3017. Determine p(93).
52
Let s(c) = c**3 + 44*c**2 - 91*c + 38. What is s(-46)?
-8
Let j(n) = 7*n**2 - 7*n - 3. Calculate j(-1).
11
Let g(h) = h**3 + 38*h**2 - 367*h + 13. What is g(8)?
21
Let a(b) = -57*b**2 - 46*b - 5. Determine a(-1).
-16
Let x(z) = -z**3 + 5*z**2 - 13*z - 35. Determine x(-2).
19
Let a(h) = -h**3 - 19*h**2 + 23*h + 54. Determine a(-20).
-6
Let j(p) = 1984*p + 8. What is j(0)?
8
Let q(c) = 12*c**2 - 234*c + 41. Determine q(20).
161
Let k(n) = 4*n**3 + 5*n**2 + 295*n - 300. Calculate k(1).
4
Let q(d) = -49*d - 1255. Calculate q(-26).
19
Let r(v) = -54*v - 224. Calculate r(-4).
-8
Let w(l) = 120*l**2 - 61*l + 63. Determine w(1).
122
Let j(y) = -13*y - 270. Determine j(-20).
-10
Let j(l) = -19*l - 303. Calculate j(-15).
-18
Let d(l) = 2*l**3 + 2*l**2 - 1539*l + 3069. Give d(2).
15
Let o(q) = -q**2 - 361*q + 136741. Determine o(231).
-11
Let u(t) = 3*t**3 + t**2 - 2*t + 8. Determine u(-2).
-8
Let w(y) = 2*y**2 - 4*y - 1. Give w(2).
-1
Let y(w) = -87*w + 4478. Determine y(51).
41
Let q(c) = 943*c - 71661. Determine q(76).
7
Let u(d) = -21*d**2 - 1194*d + 157. Determine u(-57).
-14
Let x(k) = -14*k**2 - 42*k + 13. Determine x(-6).
-239
Let g(h) = -1206*h - 21697. What is g(-18)?
11
Let w(c) = -c**2 - 7. Give w(6).
-43
Let q(v) = 200*v**2 - 3394*v - 32. Calculate q(17).
70
Let c(i) = -74*i - 2213. Give c(-30).
7
Let u(x) = x**3 + 19*x**2 + 76*x + 717. Calculate u(-17).
3
Let n(m) = -14*m**2 + 11*m + 43. What is n(-5)?
-362
Let p(x) = 6*x**2 - 2*x - 57. Give p(-4).
47
Let k(q) = -1221*q + 199. What is k(1)?
-1022
Let y(r) = -4*r - 250. Calculate y(0).
-250
Let v(a) = -231*a - 1547. What is v(-6)?
-161
Let g(y) = -284*y + 19. Determine g(0).
19
Let w(f) = f**3 - 2*f**2 - 13*f - 3. What is w(4)?
-23
Let i(d) = 42*d - 336. Determine i(9).
42
Let l(z) = 3*z**2 + 90*z - 586. Calculate l(-35).
-61
Let q(h) = -4*h + 118. Give q(71).
-166
Let j(s) = 27*s - 773. Determine j(28).
-17
Let z(y) = 855*y + 10276. Give z(-12).
16
Let g(b) = -b**2 + 990*b - 34357. Determine g(36).
-13
Let z(p) = p**2 - 24*p + 64. Calculate z(14).
-76
Let z(i) = 230*i - 1611. Calculate z(7).
-1
Let l(z) = -6*z - 41. Determine l(-1).
-35
Let n(t) = -t**2 + 7*t + 846. Give n(28).
258
Let f(q) = 173*q**2 - 2*q - 1. Give f(-1).
174
Let n(a) = -a**3 + 12*a**2 + 108*a - 20. Determine n(18).
-20
Let q(p) = p**3 + 13*p**2 + 37*p - 7. Give q(-9).
-16
Let y(d) = 62*d**3 + 3*d**2 + 16*d - 33. Give y(2).
507
Let z(s) = -3*s**2 + 806*s - 17398. Calculate z(245).
-3
Let a(j) = 4*j**3 - 58*j**2 + 79*j - 52. Calculate a(13).
-39
Let d(z) = 124*z**2 + 3465*z - 153. What is d(-28)?
43
Let m(l) = -168*l**2 - 33*l - 32. Determine m(-1).
-167
Let w(l) = 30*l**2 + 2579*l - 81. Calculate w(-86).
5
Let u(d) = d**2 + 44*d + 310. Cal